is divided by y?
15
Suppose 0 = -2*i - i - 9. Let o(n) = n**3 - 16*n**2 + 13*n + 27. Let u be o(15). What is the remainder when i*(-4)/u*-5 is divided by 7?
6
Suppose z = -z - 52. Suppose -90 = 3*a - 438. Calculate the remainder when a is divided by (-5)/(-10)*-3*z.
38
Suppose -9 = -w + 24. Let s be (385/w)/(1/12). Suppose 0 = -5*h - 0*h + s. What is the remainder when h is divided by 8?
4
Let o = 217 - 177. Calculate the remainder when o is divided by 15.
10
Let l = 417 + -410. Calculate the remainder when 228 is divided by l.
4
Suppose -6*w = -25*w + 1501. What is the remainder when w is divided by 20?
19
Let t = 53 + 58. Let k = t + -82. Calculate the remainder when 112 is divided by k.
25
Suppose -3*p = -512 + 440. Calculate the remainder when 95 is divided by p.
23
Let l(v) = -3*v - 5. Let y = -30 + 27. Let f be l(y). Suppose 5*n + 4*b = 16, -f = -4*n - 4*b + 8. What is the remainder when 19 is divided by n?
3
What is the remainder when 519 + (-6 + -50)/(-7) is divided by 48?
47
Let v(y) = y**3 - 15*y**2 + y - 1. Suppose 7 = 4*a - 5. Suppose 0 = x + u - 15, 3*x = x - a*u + 30. What is the remainder when v(x) is divided by 8?
6
Suppose -56*g + 990 = -51*g. What is the remainder when g is divided by 55?
33
Let p(j) = -j**3 + 36*j**2 + 35*j + 93. Calculate the remainder when 75 is divided by p(37).
18
Let t = -244 + 274. Calculate the remainder when 238 is divided by t.
28
Suppose -4*r + 12 = 2*t + 2*t, 0 = r - 4*t - 28. Suppose -r*z = -9*z + 33. What is the remainder when 63 is divided by z?
30
Let k(i) = 2*i**3 + i**2 - 4*i + 5. Suppose -2*a + 5*z + 16 = 2*a, 2*a - 3*z = 8. What is the remainder when k(a) is divided by 17?
14
Let y = -9 + 1. Calculate the remainder when 516/7 + (-6)/(-21) is divided by (-59)/(-4) + ((-4)/2)/y.
14
Suppose -k + 2*u = -0*u - 112, -600 = -5*k + 2*u. Suppose -17 + k = 5*c. Calculate the remainder when 32 is divided by c.
11
Let m(q) = q**3 + 12*q**2 - 11*q - 74. What is the remainder when 203 is divided by m(-12)?
29
Suppose -46*z + 42*z = 176. Let r = 27 - z. Calculate the remainder when r is divided by 15.
11
Let f(p) = p**3 - 4*p**2 + 5*p - 2. Let v be f(3). Suppose d = -w - 64, d + 5*w = v*d + 224. Let n = d + 140. What is the remainder when n is divided by 25?
22
Let j = 44 + -27. Suppose 405 = 2*l + j. Calculate the remainder when l is divided by 49.
47
Let y(u) be the second derivative of -2*u**3/3 - 3*u**2/2 - 6*u. Let t be y(11). Let q = 98 + t. Calculate the remainder when q is divided by 18.
15
Calculate the remainder when (14 - 17)*3714/(-9) is divided by 59.
58
Let k(s) = -8*s - 5. Let f be k(-4). What is the remainder when 1212/f - 1/(-9) is divided by 16?
13
Let p(d) = d**2 + 13. Let f(i) = -6*i**2 - 65. Let c(w) = -2*f(w) - 11*p(w). Let y be c(0). Let h = y - -14. What is the remainder when h is divided by 1?
0
Suppose -2*r = -0*r - 8, r = -5*u + 29. Suppose u*l + 3 = 148. Calculate the remainder when l is divided by 16.
13
Let u(h) = -h + 57. What is the remainder when u(-23) is divided by 32?
16
Let w(p) = p**2 + 7*p + 16. Calculate the remainder when 118 is divided by w(-8).
22
Let n be 572/(-5) + 16/40. Let x = n + 161. Calculate the remainder when x is divided by 17.
13
Suppose 0 - 10 = -5*g, g - 322 = 4*y. Let o = -30 - y. Calculate the remainder when o is divided by 26.
24
Let r be ((-6)/7)/((-5)/(70/4)). Suppose -17 = -r*u + 2*u. What is the remainder when u is divided by 8?
1
Let i = -305 + 384. Let y = -8 + 20. Suppose -l + 8 = -y. Calculate the remainder when i is divided by l.
19
Let l(h) = 5*h**2 + 54*h - 161. Calculate the remainder when 183 is divided by l(3).
45
Let p be 4/14 + (-916)/(-28). Suppose -5*z - w + p = 0, z - 4*w + 1 - 16 = 0. What is the remainder when z is divided by 4?
3
Suppose 4*n + 5*j - 381 = 0, 0 = -5*j + 22 + 3. Calculate the remainder when 532 is divided by n.
87
Suppose -350*p + 295*p = -14300. Calculate the remainder when p is divided by 60.
20
Let x(j) = 2*j**2 - 108. Let b be x(0). Calculate the remainder when b/(-2)*((-4)/4)/(-2) is divided by 6.
3
Suppose -5*j + 5*l + 255 = 0, 18*l - 15*l - 9 = 0. What is the remainder when j is divided by 31?
23
Suppose -d - 4*b = -25, -4*d + 74 + 52 = 3*b. Let m(c) = -130*c**3 - 1. What is the remainder when m(-1) is divided by d?
30
Let z be ((-2)/(-10) - 1)/((-54)/540). Calculate the remainder when (6/z)/(9/(-618))*-2 is divided by 21.
19
Let w(u) = -u**3 - 9*u**2 - 12*u + 35. What is the remainder when (-4)/(-14) + (-5211)/(-63) is divided by w(-7)?
20
Suppose -660 = -14*h + 1174. What is the remainder when h is divided by 56?
19
Suppose -3*u = 5*q - 28, 0 = 4*q + 4*u - 24. Suppose -b + 0 = 2*h + 1, q*b + 5*h - 5 = 0. Let r(g) = 20*g - 3. What is the remainder when r(b) is divided by 20?
17
Suppose 4*v + 27*v - 2387 = 0. What is the remainder when 125 is divided by v?
48
Let g = 12 + -30. Let q be (-11)/(-55) - g/10. Suppose -4*p = -5*l + 317, 0*p = -p + q. Calculate the remainder when l is divided by 22.
21
Calculate the remainder when 261 is divided by 3 - (4 + 1 + -14).
9
Let y(w) = 2*w + 6. Let j be y(-2). Suppose x + j*x - 29 = -4*i, -25 = -3*i + x. Suppose d - 42 = -2*d. Calculate the remainder when d is divided by i.
6
Let q = -164 - -210. What is the remainder when q is divided by (12/21*6)/((-2)/(-14))?
22
Let g(d) = -d + 2. Let i be g(-6). Suppose -17*f + 545 = 35. Suppose 2*v = -i + f. What is the remainder when v is divided by 3?
2
Suppose 4*o = -2*o + 12. Suppose -9 = -3*x - 5*n - 1, -o*n = 2*x - 12. Calculate the remainder when x is divided by 7.
4
Let u(p) = 2*p**2 + 6*p - 13. Let k(b) = 23*b + 21. What is the remainder when k(7) is divided by u(-6)?
21
Let t = -196 - -217. Calculate the remainder when 104 is divided by t.
20
Suppose 0*l + 2*l = -272. Let w be -3 + 0 - (l + 1). Suppose w = 3*h + h. What is the remainder when h is divided by 9?
6
Suppose -24 - 11 = -5*h. What is the remainder when 7/(h/86) - -4 is divided by 24?
18
Let x = -37 - -30. What is the remainder when 37 is divided by 4*(x - -10)*(-10)/(-12)?
7
Let z(w) be the second derivative of 4*w**4/3 + w**3/3 - 3*w**2/2 + w. What is the remainder when 74 is divided by z(1)?
14
Suppose 0 = 5*d - 45. What is the remainder when 19 is divided by d?
1
What is the remainder when 144 is divided by 10/(-1*5/(-40)) - -4?
60
Let f = 298 + -222. Let s(v) = v**3 + 7*v**2 - 9*v + 18. Calculate the remainder when f is divided by s(-8).
24
Calculate the remainder when (9 - 4 - 3)*213 is divided by 39.
36
Let f = -42 + 29. Let q(i) = -i**3 - 12*i**2 + 13*i + 9. What is the remainder when q(f) is divided by 3?
0
Suppose 34*g + 15*g = -31*g + 2000. Calculate the remainder when (-2)/2 + 73 + 0 is divided by g.
22
Suppose 8*x - 450 = -2*x. What is the remainder when 313 is divided by x?
43
Suppose 48*h = 31*h + 1615. Calculate the remainder when h is divided by 16.
15
Suppose 5*k - 10 - 5 = 0. What is the remainder when (k - (-47)/4)*4 is divided by 15?
14
Suppose 11*b = -4*h + 9*b + 26, 3*b + 3 = 0. What is the remainder when 20 is divided by h?
6
Let t(r) = -2*r**3 + 108*r**2 + 2*r - 63. Calculate the remainder when 269 is divided by t(54).
44
Let s(m) = 5*m**2 + 16*m - 11. Let o be s(-9). Suppose 25*n = 20*n + o. Calculate the remainder when n is divided by 18.
14
Let q be ((-29)/1)/(-7 + 6). Let o = q - 27. What is the remainder when 6 is divided by o?
0
Let t be 624/9 - 3/9. Suppose 4*d - 16 = 4. Suppose -8*q = -d*q - t. What is the remainder when q is divided by 12?
11
Suppose 1060 = 20*p - 1580. Let l(t) = -t**3 + 10*t**2 - 4*t. What is the remainder when p is divided by l(9)?
42
Suppose -n = 3*q - 15 - 11, -6 = -3*q. What is the remainder when 58 is divided by n?
18
Suppose 2*t = 8*t - 876. Calculate the remainder when t is divided by 25.
21
Let i be 1/(1*2/26). Suppose 0 = -q - 2*a + i + 5, -4*q + 124 = -5*a. Calculate the remainder when 77 is divided by q.
25
Suppose -5*q = 4*c - 1604, 665 = 5*c + 5*q - 1335. Calculate the remainder when c is divided by 25.
21
Suppose -z + 0 = -4. Suppose 9*j - 180 = z*j. Calculate the remainder when j is divided by 13.
10
What is the remainder when 222 is divided by (-16)/(-240) - (-1122)/45?
22
Let s(v) = 2*v**2 - 10*v - 7. Suppose -4*y = y - 45. Suppose -5*d - 73 = -4*g, -3*g + 0*d + 49 = 2*d. What is th